{"id":1334,"date":"2025-06-27T10:24:01","date_gmt":"2025-06-27T10:24:01","guid":{"rendered":"https:\/\/www.mamzelleconfetti.com\/ceresa\/?page_id=1334"},"modified":"2025-09-16T20:41:32","modified_gmt":"2025-09-16T20:41:32","slug":"equipes","status":"publish","type":"page","link":"https:\/\/www.mamzelleconfetti.com\/ceresa\/equipes\/","title":{"rendered":"\u00c9quipes"},"content":{"rendered":"\t\t<div data-elementor-type=\"wp-page\" data-elementor-id=\"1334\" class=\"elementor elementor-1334\" data-elementor-post-type=\"page\">\n\t\t\t\t<div class=\"elementor-element elementor-element-a86cf91 e-con-full e-flex e-con e-parent\" data-id=\"a86cf91\" data-element_type=\"container\">\n\t\t<div class=\"elementor-element elementor-element-bae0830 e-con-full e-flex e-con e-child\" data-id=\"bae0830\" data-element_type=\"container\">\n\t\t\t\t<div class=\"elementor-element elementor-element-1abb8c6 elementor-position-left elementor-vertical-align-middle elementor-view-default elementor-mobile-position-top elementor-widget elementor-widget-icon-box\" data-id=\"1abb8c6\" data-element_type=\"widget\" data-widget_type=\"icon-box.default\">\n\t\t\t\t<div class=\"elementor-widget-container\">\n\t\t\t\t\t\t\t<div class=\"elementor-icon-box-wrapper\">\n\n\t\t\t\t\t\t<div class=\"elementor-icon-box-icon\">\n\t\t\t\t<span  class=\"elementor-icon\">\n\t\t\t\t<svg xmlns=\"http:\/\/www.w3.org\/2000\/svg\" id=\"Calque_1\" data-name=\"Calque 1\" viewBox=\"0 0 296.22 297.04\"><path d=\"M66.51,201.73l4.12,6.34c.17.26.42.44.72.52l7.3,1.96-4.75,5.87c-.19.24-.29.54-.28.85l.39,7.55-7.05-2.71c-.29-.11-.6-.11-.89,0l-7.05,2.71.39-7.55c.02-.31-.08-.61-.28-.85l-4.75-5.87,7.3-1.96c.3-.08.55-.27.72-.52l4.12-6.34Z\" style=\"fill: #e94190;\"><\/path><path d=\"M146.04,201.73l4.12,6.34c.17.26.42.44.72.52l7.3,1.96-4.75,5.87c-.19.24-.29.54-.28.85l.39,7.55-7.05-2.71c-.29-.11-.6-.11-.89,0l-7.05,2.71.39-7.55c.02-.31-.08-.61-.28-.85l-4.75-5.87,7.3-1.96c.3-.08.55-.27.72-.52l4.12-6.34Z\" style=\"fill: #e94190;\"><\/path><path d=\"M227.97,201.73l4.12,6.34c.17.26.42.44.72.52l7.3,1.96-4.75,5.87c-.19.24-.29.54-.28.85l.39,7.55-7.05-2.71c-.29-.11-.6-.11-.89,0l-7.05,2.71.39-7.55c.02-.31-.08-.61-.28-.85l-4.75-5.87,7.3-1.96c.3-.08.55-.27.72-.52l4.12-6.34Z\" style=\"fill: #e94190;\"><\/path><g><path d=\"M66.06,190.31l-4.21-2.7c-.21.33-.26.6-.27.61.14-.77.03-4.49-.04-6.95-.12-4.26-.18-6.95.03-8.29.28-1.76,2.3-5.18,5.02-5.18h158.72c2.72,0,4.74,3.42,5.02,5.18.21,1.34.15,4.03.03,8.29-.07,2.46-.18,6.17-.04,6.95,0-.01-.05-.28-.27-.61l-4.21,2.7c-.64-.99-.69-2.02-.49-9.18.08-2.85.18-6.39.03-7.37-.06-.21-.36-.68-.61-.96H67.13c-.25.28-.56.76-.63,1.01-.14.92-.04,4.47.04,7.31.21,7.16.15,8.18-.49,9.18Z\" style=\"fill: #5a5959;\"><\/path><path d=\"M147.76,126.97c-2.48,0-6.5-.39-8.01-1.27-1.93-1.13-2.96-4.1-4.24-8.52-.15.08-.29.15-.44.23-3.87,2-6.36,3.19-8.35,2.87-2.64-.43-7.04-4.85-7.9-6.23-2.43-3.86-.31-7.63,1.25-10.37.25-.45.5-.88.72-1.3-.61-.23-1.3-.45-1.92-.65-2.95-.94-6.62-2.1-7.18-5.71-.01-.08-.72-8.58.84-10.75,1.14-1.59,5.58-3.03,8.42-3.82-.28-.63-.64-1.32-.98-1.97-1.35-2.58-3.03-5.8-1.44-8.8.75-1.42,3.18-3.62,3.66-4.04,3.33-2.96,4.66-3.03,5.22-3.06,1.65-.09,3.79.99,7.13,2.76.33.18.7.37,1.06.56.06-.19.13-.38.19-.58,1.43-4.37,2.62-7.54,5.01-8.53,1.8-.75,7.87-.57,9.05-.38,4.19.69,5.51,5.54,6.48,9.08.04.16.09.32.13.48.54-.25,1.11-.55,1.68-.84,2.49-1.29,5.06-2.63,7.64-2.1,2.42.49,8.22,6.27,8.46,8.92.22,2.39-1.01,4.68-2.19,6.9-.33.62-.67,1.24-.94,1.83.07.02.15.05.22.07,3.61,1.13,8.1,2.53,9.12,5.89.58,1.91.98,9.33-1.5,11.77-1.01.99-2.79,1.55-5.84,2.46-.6.18-1.35.4-2,.61.23.46.48.94.73,1.42,1.4,2.65,3.15,5.94,1.73,9.17-.74,1.68-5.65,6.92-8.34,7.29-1.94.26-4.42-.92-8.28-2.92-.18-.09-.36-.19-.55-.28-1.17,3.97-2.83,9.04-7.03,9.71-.36.06-.93.09-1.61.09ZM142.37,121.42c1.07.35,5.19.69,6.21.52,1.28-.21,2.72-5.13,3.19-6.75.25-.87.5-1.7.74-2.37.47-1.29,1.9-1.96,3.19-1.5.91.33,2.13.96,3.54,1.69,1.48.77,4.16,2.15,5.24,2.37,1.18-.67,4.05-3.47,4.53-4.35.42-.97-.65-2.99-1.59-4.78-.75-1.42-1.53-2.89-1.88-4.38-.08-.36-.09-.73,0-1.09.43-2,2.46-2.6,6.15-3.69,1.15-.34,3.01-.89,3.71-1.24.52-1.24.64-5.5.26-6.73-.48-.9-4.36-2.12-5.83-2.58-1.12-.35-2.09-.65-2.86-.99-1.03-.44-1.63-1.52-1.49-2.63.25-1.87,1.22-3.68,2.15-5.42.7-1.31,1.57-2.93,1.62-3.87-.63-1.15-3.5-4.07-4.62-4.7-.93-.04-2.8.93-4.2,1.66-1.72.89-3.49,1.81-5.23,2.05-1.11.15-2.19-.45-2.63-1.48-.41-.94-.73-2.1-1.06-3.33-.43-1.59-1.45-5.3-2.47-5.47-.99-.16-5.02-.14-6.25.06-.74.83-1.75,3.93-2.25,5.46-.45,1.36-.83,2.54-1.24,3.38-.18.36-.44.67-.76.91-1.55,1.14-2.95.4-6.35-1.41-1.24-.66-3.45-1.83-4.42-2.13-1.24.69-4.27,3.5-4.83,4.42-.34.65.75,2.73,1.47,4.11,1.03,1.97,2.09,4.01,2.05,6.14-.02,1.16-.83,2.15-1.96,2.39-2.05.45-6.32,1.79-7.79,2.54-.24,1.63-.25,5.92-.08,7,.09.55,2.75,1.4,3.76,1.72,1.93.61,3.92,1.24,5.28,2.52.68.64.95,1.6.69,2.5-.41,1.46-1.18,2.83-1.93,4.15-1.5,2.66-2.13,4.05-1.37,5.25.54.86,3.38,3.4,4.47,3.93,1.04-.17,3.86-1.63,5.25-2.35,1.36-.71,2.54-1.32,3.44-1.64,1.29-.47,2.72.2,3.2,1.49.23.62.48,1.5.77,2.51.45,1.56,1.48,5.14,2.2,6.09ZM142.46,121.52h0ZM164.29,115.48h0ZM175.32,96h0ZM116.79,87.8h0ZM128,68.52h0ZM142.89,62.31h0Z\" style=\"fill: #5a5959;\"><\/path><path d=\"M146.04,106.97c-1.11,0-2.25-.1-3.43-.3-6.9-1.17-11.65-7.23-11.55-14.73.09-6.48,4.01-13.56,12.57-14.78,6.29-.89,11.65,1.39,14.71,6.25,3.28,5.21,3.22,12.38-.15,17.44-2.65,3.98-6.97,6.12-12.13,6.12ZM144.32,82.11h0c-6.02.86-8.22,5.86-8.27,9.89-.06,4.21,2.21,8.86,7.39,9.74,4.78.81,8.43-.46,10.57-3.66,2.28-3.41,2.31-8.46.08-12-1.99-3.17-5.46-4.58-9.77-3.96Z\" style=\"fill: #5a5959;\"><\/path><\/g><path d=\"M145.9,140.14c-26.56,0-48.17-21.61-48.17-48.17s21.61-48.17,48.17-48.17,48.17,21.61,48.17,48.17-21.61,48.17-48.17,48.17ZM145.9,48.8c-23.8,0-43.17,19.37-43.17,43.17s19.37,43.17,43.17,43.17,43.17-19.37,43.17-43.17-19.37-43.17-43.17-43.17Z\" style=\"fill: #5a5959;\"><\/path><rect x=\"143.4\" y=\"137.64\" width=\"5\" height=\"51.73\" style=\"fill: #5a5959;\"><\/rect><path d=\"M66.51,242.1c-15.23,0-27.62-12.39-27.62-27.62s12.39-27.62,27.62-27.62,27.62,12.39,27.62,27.62-12.39,27.62-27.62,27.62ZM66.51,191.87c-12.47,0-22.62,10.15-22.62,22.62s10.15,22.62,22.62,22.62,22.62-10.15,22.62-22.62-10.15-22.62-22.62-22.62Z\" style=\"fill: #5a5959;\"><\/path><path d=\"M145.65,242.1c-15.23,0-27.62-12.39-27.62-27.62s12.39-27.62,27.62-27.62,27.62,12.39,27.62,27.62-12.39,27.62-27.62,27.62ZM145.65,191.87c-12.47,0-22.62,10.15-22.62,22.62s10.15,22.62,22.62,22.62,22.62-10.15,22.62-22.62-10.15-22.62-22.62-22.62Z\" style=\"fill: #5a5959;\"><\/path><path d=\"M227.97,242.1c-15.23,0-27.62-12.39-27.62-27.62s12.39-27.62,27.62-27.62,27.62,12.39,27.62,27.62-12.39,27.62-27.62,27.62ZM227.97,191.87c-12.47,0-22.62,10.15-22.62,22.62s10.15,22.62,22.62,22.62,22.62-10.15,22.62-22.62-10.15-22.62-22.62-22.62Z\" style=\"fill: #5a5959;\"><\/path><\/svg>\t\t\t\t<\/span>\n\t\t\t<\/div>\n\t\t\t\n\t\t\t\t\t\t<div class=\"elementor-icon-box-content\">\n\n\t\t\t\t\t\t\t\t\t<h3 class=\"elementor-icon-box-title\">\n\t\t\t\t\t\t<span  >\n\t\t\t\t\t\t\tNotre organisation\t\t\t\t\t\t<\/span>\n\t\t\t\t\t<\/h3>\n\t\t\t\t\n\t\t\t\t\n\t\t\t<\/div>\n\t\t\t\n\t\t<\/div>\n\t\t\t\t\t\t<\/div>\n\t\t\t\t<\/div>\n\t\t\t\t<div class=\"elementor-element elementor-element-0f16415 elementor-widget__width-initial elementor-widget-divider--view-line elementor-widget elementor-widget-divider\" data-id=\"0f16415\" data-element_type=\"widget\" data-widget_type=\"divider.default\">\n\t\t\t\t<div class=\"elementor-widget-container\">\n\t\t\t\t\t\t\t<div class=\"elementor-divider\">\n\t\t\t<span class=\"elementor-divider-separator\">\n\t\t\t\t\t\t<\/span>\n\t\t<\/div>\n\t\t\t\t\t\t<\/div>\n\t\t\t\t<\/div>\n\t\t\t\t<div class=\"elementor-element elementor-element-7ced8ef elementor-widget elementor-widget-spacer\" data-id=\"7ced8ef\" data-element_type=\"widget\" data-widget_type=\"spacer.default\">\n\t\t\t\t<div class=\"elementor-widget-container\">\n\t\t\t\t\t\t\t<div class=\"elementor-spacer\">\n\t\t\t<div class=\"elementor-spacer-inner\"><\/div>\n\t\t<\/div>\n\t\t\t\t\t\t<\/div>\n\t\t\t\t<\/div>\n\t\t\t\t<div class=\"elementor-element elementor-element-1264566 elementor-widget elementor-widget-text-editor\" data-id=\"1264566\" data-element_type=\"widget\" data-widget_type=\"text-editor.default\">\n\t\t\t\t<div class=\"elementor-widget-container\">\n\t\t\t\t\t\t\t\t\t<p><strong data-start=\"288\" data-end=\"322\">Composition du Conseil d&rsquo;Administration :<\/strong><\/p><ul><li><strong>Membres fondateurs :<\/strong> Bernadette ROG\u00c9 et Christine FOURNI\u00c9<\/li><li><strong>Pr\u00e9sident :<\/strong> Christian MOLINA<\/li><li><strong>Vice-Pr\u00e9sident :<\/strong> Erika GUERCHAIS<\/li><li><strong>Secr\u00e9taire :<\/strong> Jean-Baptiste PANSART<\/li><li><strong>Tr\u00e9sorier :<\/strong> Romain GREFEUILLE<\/li><\/ul>\t\t\t\t\t\t\t\t<\/div>\n\t\t\t\t<\/div>\n\t\t\t\t<div class=\"elementor-element elementor-element-515210f elementor-widget elementor-widget-spacer\" data-id=\"515210f\" data-element_type=\"widget\" data-widget_type=\"spacer.default\">\n\t\t\t\t<div class=\"elementor-widget-container\">\n\t\t\t\t\t\t\t<div class=\"elementor-spacer\">\n\t\t\t<div class=\"elementor-spacer-inner\"><\/div>\n\t\t<\/div>\n\t\t\t\t\t\t<\/div>\n\t\t\t\t<\/div>\n\t\t\t\t<\/div>\n\t\t\t\t<\/div>\n\t\t<div class=\"elementor-element elementor-element-c74b914 e-con-full e-flex e-con e-parent\" data-id=\"c74b914\" data-element_type=\"container\">\n\t\t<div class=\"elementor-element elementor-element-b02ace8 e-con-full e-flex e-con e-child\" data-id=\"b02ace8\" data-element_type=\"container\">\n\t\t\t\t<div class=\"elementor-element elementor-element-dfe365e elementor-widget elementor-widget-image\" data-id=\"dfe365e\" data-element_type=\"widget\" data-widget_type=\"image.default\">\n\t\t\t\t<div class=\"elementor-widget-container\">\n\t\t\t\t\t\t\t\t\t\t\t\t\t\t\t<img fetchpriority=\"high\" decoding=\"async\" width=\"1920\" height=\"1080\" src=\"https:\/\/www.mamzelleconfetti.com\/ceresa\/wp-content\/uploads\/2025\/09\/ORGANIGRAMME-1.png\" class=\"attachment-full size-full wp-image-3900\" alt=\"\" srcset=\"https:\/\/www.mamzelleconfetti.com\/ceresa\/wp-content\/uploads\/2025\/09\/ORGANIGRAMME-1.png 1920w, https:\/\/www.mamzelleconfetti.com\/ceresa\/wp-content\/uploads\/2025\/09\/ORGANIGRAMME-1-300x169.png 300w, https:\/\/www.mamzelleconfetti.com\/ceresa\/wp-content\/uploads\/2025\/09\/ORGANIGRAMME-1-1024x576.png 1024w, https:\/\/www.mamzelleconfetti.com\/ceresa\/wp-content\/uploads\/2025\/09\/ORGANIGRAMME-1-768x432.png 768w, https:\/\/www.mamzelleconfetti.com\/ceresa\/wp-content\/uploads\/2025\/09\/ORGANIGRAMME-1-1536x864.png 1536w\" sizes=\"(max-width: 1920px) 100vw, 1920px\" \/>\t\t\t\t\t\t\t\t\t\t\t\t\t\t\t<\/div>\n\t\t\t\t<\/div>\n\t\t\t\t<\/div>\n\t\t\t\t<\/div>\n\t\t<div class=\"elementor-element elementor-element-ddb2e5c e-con-full e-flex e-con e-parent\" data-id=\"ddb2e5c\" data-element_type=\"container\">\n\t\t\t\t<div class=\"elementor-element elementor-element-9167fe8 elementor-widget elementor-widget-spacer\" data-id=\"9167fe8\" data-element_type=\"widget\" data-widget_type=\"spacer.default\">\n\t\t\t\t<div class=\"elementor-widget-container\">\n\t\t\t\t\t\t\t<div class=\"elementor-spacer\">\n\t\t\t<div class=\"elementor-spacer-inner\"><\/div>\n\t\t<\/div>\n\t\t\t\t\t\t<\/div>\n\t\t\t\t<\/div>\n\t\t\t\t<\/div>\n\t\t\t\t<\/div>\n\t\t","protected":false},"excerpt":{"rendered":"<p>Notre organisation Composition du Conseil d&rsquo;Administration : Membres fondateurs : Bernadette ROG\u00c9 et Christine FOURNI\u00c9 Pr\u00e9sident : Christian MOLINA Vice-Pr\u00e9sident : Erika GUERCHAIS Secr\u00e9taire : Jean-Baptiste PANSART Tr\u00e9sorier : Romain GREFEUILLE<\/p>\n","protected":false},"author":1,"featured_media":0,"parent":0,"menu_order":0,"comment_status":"closed","ping_status":"closed","template":"elementor_header_footer","meta":{"footnotes":""},"class_list":["post-1334","page","type-page","status-publish","hentry"],"yoast_head":"<!-- This site is optimized with the Yoast SEO plugin v25.4 - https:\/\/yoast.com\/wordpress\/plugins\/seo\/ -->\n<title>\u00c9quipes - Association CERESA<\/title>\n<meta name=\"robots\" content=\"index, follow, max-snippet:-1, max-image-preview:large, max-video-preview:-1\" \/>\n<link rel=\"canonical\" href=\"https:\/\/www.mamzelleconfetti.com\/ceresa\/equipes\/\" \/>\n<meta property=\"og:locale\" content=\"fr_FR\" \/>\n<meta property=\"og:type\" content=\"article\" \/>\n<meta property=\"og:title\" content=\"\u00c9quipes - Association CERESA\" \/>\n<meta property=\"og:description\" content=\"Notre organisation Composition du Conseil d&rsquo;Administration : Membres fondateurs : Bernadette ROG\u00c9 et Christine FOURNI\u00c9 Pr\u00e9sident : Christian MOLINA Vice-Pr\u00e9sident : Erika GUERCHAIS Secr\u00e9taire : Jean-Baptiste PANSART Tr\u00e9sorier : Romain GREFEUILLE\" \/>\n<meta property=\"og:url\" content=\"https:\/\/www.mamzelleconfetti.com\/ceresa\/equipes\/\" \/>\n<meta property=\"og:site_name\" content=\"Association CERESA\" \/>\n<meta property=\"article:modified_time\" content=\"2025-09-16T20:41:32+00:00\" \/>\n<meta property=\"og:image\" content=\"https:\/\/www.mamzelleconfetti.com\/ceresa\/wp-content\/uploads\/2025\/09\/ORGANIGRAMME-1.png\" \/>\n\t<meta property=\"og:image:width\" content=\"1920\" \/>\n\t<meta property=\"og:image:height\" content=\"1080\" \/>\n\t<meta property=\"og:image:type\" content=\"image\/png\" \/>\n<meta name=\"twitter:card\" content=\"summary_large_image\" \/>\n<meta name=\"twitter:label1\" content=\"Dur\u00e9e de lecture estim\u00e9e\" \/>\n\t<meta name=\"twitter:data1\" content=\"1 minute\" \/>\n<script type=\"application\/ld+json\" class=\"yoast-schema-graph\">{\"@context\":\"https:\/\/schema.org\",\"@graph\":[{\"@type\":\"WebPage\",\"@id\":\"https:\/\/www.mamzelleconfetti.com\/ceresa\/equipes\/\",\"url\":\"https:\/\/www.mamzelleconfetti.com\/ceresa\/equipes\/\",\"name\":\"\u00c9quipes - Association CERESA\",\"isPartOf\":{\"@id\":\"https:\/\/www.mamzelleconfetti.com\/ceresa\/#website\"},\"primaryImageOfPage\":{\"@id\":\"https:\/\/www.mamzelleconfetti.com\/ceresa\/equipes\/#primaryimage\"},\"image\":{\"@id\":\"https:\/\/www.mamzelleconfetti.com\/ceresa\/equipes\/#primaryimage\"},\"thumbnailUrl\":\"https:\/\/www.mamzelleconfetti.com\/ceresa\/wp-content\/uploads\/2025\/09\/ORGANIGRAMME-1.png\",\"datePublished\":\"2025-06-27T10:24:01+00:00\",\"dateModified\":\"2025-09-16T20:41:32+00:00\",\"breadcrumb\":{\"@id\":\"https:\/\/www.mamzelleconfetti.com\/ceresa\/equipes\/#breadcrumb\"},\"inLanguage\":\"fr-FR\",\"potentialAction\":[{\"@type\":\"ReadAction\",\"target\":[\"https:\/\/www.mamzelleconfetti.com\/ceresa\/equipes\/\"]}]},{\"@type\":\"ImageObject\",\"inLanguage\":\"fr-FR\",\"@id\":\"https:\/\/www.mamzelleconfetti.com\/ceresa\/equipes\/#primaryimage\",\"url\":\"https:\/\/www.mamzelleconfetti.com\/ceresa\/wp-content\/uploads\/2025\/09\/ORGANIGRAMME-1.png\",\"contentUrl\":\"https:\/\/www.mamzelleconfetti.com\/ceresa\/wp-content\/uploads\/2025\/09\/ORGANIGRAMME-1.png\",\"width\":1920,\"height\":1080},{\"@type\":\"BreadcrumbList\",\"@id\":\"https:\/\/www.mamzelleconfetti.com\/ceresa\/equipes\/#breadcrumb\",\"itemListElement\":[{\"@type\":\"ListItem\",\"position\":1,\"name\":\"Accueil\",\"item\":\"https:\/\/www.mamzelleconfetti.com\/ceresa\/\"},{\"@type\":\"ListItem\",\"position\":2,\"name\":\"\u00c9quipes\"}]},{\"@type\":\"WebSite\",\"@id\":\"https:\/\/www.mamzelleconfetti.com\/ceresa\/#website\",\"url\":\"https:\/\/www.mamzelleconfetti.com\/ceresa\/\",\"name\":\"Association CERESA\",\"description\":\"\",\"alternateName\":\"CERESA\",\"potentialAction\":[{\"@type\":\"SearchAction\",\"target\":{\"@type\":\"EntryPoint\",\"urlTemplate\":\"https:\/\/www.mamzelleconfetti.com\/ceresa\/?s={search_term_string}\"},\"query-input\":{\"@type\":\"PropertyValueSpecification\",\"valueRequired\":true,\"valueName\":\"search_term_string\"}}],\"inLanguage\":\"fr-FR\"}]}<\/script>\n<!-- \/ Yoast SEO plugin. -->","yoast_head_json":{"title":"\u00c9quipes - Association CERESA","robots":{"index":"index","follow":"follow","max-snippet":"max-snippet:-1","max-image-preview":"max-image-preview:large","max-video-preview":"max-video-preview:-1"},"canonical":"https:\/\/www.mamzelleconfetti.com\/ceresa\/equipes\/","og_locale":"fr_FR","og_type":"article","og_title":"\u00c9quipes - Association CERESA","og_description":"Notre organisation Composition du Conseil d&rsquo;Administration : Membres fondateurs : Bernadette ROG\u00c9 et Christine FOURNI\u00c9 Pr\u00e9sident : Christian MOLINA Vice-Pr\u00e9sident : Erika GUERCHAIS Secr\u00e9taire : Jean-Baptiste PANSART Tr\u00e9sorier : Romain GREFEUILLE","og_url":"https:\/\/www.mamzelleconfetti.com\/ceresa\/equipes\/","og_site_name":"Association CERESA","article_modified_time":"2025-09-16T20:41:32+00:00","og_image":[{"width":1920,"height":1080,"url":"https:\/\/www.mamzelleconfetti.com\/ceresa\/wp-content\/uploads\/2025\/09\/ORGANIGRAMME-1.png","type":"image\/png"}],"twitter_card":"summary_large_image","twitter_misc":{"Dur\u00e9e de lecture estim\u00e9e":"1 minute"},"schema":{"@context":"https:\/\/schema.org","@graph":[{"@type":"WebPage","@id":"https:\/\/www.mamzelleconfetti.com\/ceresa\/equipes\/","url":"https:\/\/www.mamzelleconfetti.com\/ceresa\/equipes\/","name":"\u00c9quipes - Association CERESA","isPartOf":{"@id":"https:\/\/www.mamzelleconfetti.com\/ceresa\/#website"},"primaryImageOfPage":{"@id":"https:\/\/www.mamzelleconfetti.com\/ceresa\/equipes\/#primaryimage"},"image":{"@id":"https:\/\/www.mamzelleconfetti.com\/ceresa\/equipes\/#primaryimage"},"thumbnailUrl":"https:\/\/www.mamzelleconfetti.com\/ceresa\/wp-content\/uploads\/2025\/09\/ORGANIGRAMME-1.png","datePublished":"2025-06-27T10:24:01+00:00","dateModified":"2025-09-16T20:41:32+00:00","breadcrumb":{"@id":"https:\/\/www.mamzelleconfetti.com\/ceresa\/equipes\/#breadcrumb"},"inLanguage":"fr-FR","potentialAction":[{"@type":"ReadAction","target":["https:\/\/www.mamzelleconfetti.com\/ceresa\/equipes\/"]}]},{"@type":"ImageObject","inLanguage":"fr-FR","@id":"https:\/\/www.mamzelleconfetti.com\/ceresa\/equipes\/#primaryimage","url":"https:\/\/www.mamzelleconfetti.com\/ceresa\/wp-content\/uploads\/2025\/09\/ORGANIGRAMME-1.png","contentUrl":"https:\/\/www.mamzelleconfetti.com\/ceresa\/wp-content\/uploads\/2025\/09\/ORGANIGRAMME-1.png","width":1920,"height":1080},{"@type":"BreadcrumbList","@id":"https:\/\/www.mamzelleconfetti.com\/ceresa\/equipes\/#breadcrumb","itemListElement":[{"@type":"ListItem","position":1,"name":"Accueil","item":"https:\/\/www.mamzelleconfetti.com\/ceresa\/"},{"@type":"ListItem","position":2,"name":"\u00c9quipes"}]},{"@type":"WebSite","@id":"https:\/\/www.mamzelleconfetti.com\/ceresa\/#website","url":"https:\/\/www.mamzelleconfetti.com\/ceresa\/","name":"Association CERESA","description":"","alternateName":"CERESA","potentialAction":[{"@type":"SearchAction","target":{"@type":"EntryPoint","urlTemplate":"https:\/\/www.mamzelleconfetti.com\/ceresa\/?s={search_term_string}"},"query-input":{"@type":"PropertyValueSpecification","valueRequired":true,"valueName":"search_term_string"}}],"inLanguage":"fr-FR"}]}},"_links":{"self":[{"href":"https:\/\/www.mamzelleconfetti.com\/ceresa\/wp-json\/wp\/v2\/pages\/1334","targetHints":{"allow":["GET"]}}],"collection":[{"href":"https:\/\/www.mamzelleconfetti.com\/ceresa\/wp-json\/wp\/v2\/pages"}],"about":[{"href":"https:\/\/www.mamzelleconfetti.com\/ceresa\/wp-json\/wp\/v2\/types\/page"}],"author":[{"embeddable":true,"href":"https:\/\/www.mamzelleconfetti.com\/ceresa\/wp-json\/wp\/v2\/users\/1"}],"replies":[{"embeddable":true,"href":"https:\/\/www.mamzelleconfetti.com\/ceresa\/wp-json\/wp\/v2\/comments?post=1334"}],"version-history":[{"count":80,"href":"https:\/\/www.mamzelleconfetti.com\/ceresa\/wp-json\/wp\/v2\/pages\/1334\/revisions"}],"predecessor-version":[{"id":5435,"href":"https:\/\/www.mamzelleconfetti.com\/ceresa\/wp-json\/wp\/v2\/pages\/1334\/revisions\/5435"}],"wp:attachment":[{"href":"https:\/\/www.mamzelleconfetti.com\/ceresa\/wp-json\/wp\/v2\/media?parent=1334"}],"curies":[{"name":"wp","href":"https:\/\/api.w.org\/{rel}","templated":true}]}}