{"id":434,"date":"2025-05-26T13:53:26","date_gmt":"2025-05-26T13:53:26","guid":{"rendered":"https:\/\/www.mamzelleconfetti.com\/ceresa\/?page_id=434"},"modified":"2025-09-16T21:14:00","modified_gmt":"2025-09-16T21:14:00","slug":"agenda","status":"publish","type":"page","link":"https:\/\/www.mamzelleconfetti.com\/ceresa\/agenda\/","title":{"rendered":"AGENDA"},"content":{"rendered":"\t\t<div data-elementor-type=\"wp-page\" data-elementor-id=\"434\" class=\"elementor elementor-434\" data-elementor-post-type=\"page\">\n\t\t\t\t<div class=\"elementor-element elementor-element-3c39444 e-con-full e-flex e-con e-parent\" data-id=\"3c39444\" data-element_type=\"container\">\n\t\t<div class=\"elementor-element elementor-element-1afd69a e-con-full e-flex e-con e-child\" data-id=\"1afd69a\" data-element_type=\"container\">\n\t\t\t\t<div class=\"elementor-element elementor-element-2ae1997 elementor-position-left elementor-vertical-align-middle elementor-view-default elementor-mobile-position-top elementor-widget elementor-widget-icon-box\" data-id=\"2ae1997\" data-element_type=\"widget\" data-widget_type=\"icon-box.default\">\n\t\t\t\t<div class=\"elementor-widget-container\">\n\t\t\t\t\t\t\t<div class=\"elementor-icon-box-wrapper\">\n\n\t\t\t\t\t\t<div class=\"elementor-icon-box-icon\">\n\t\t\t\t<span  class=\"elementor-icon\">\n\t\t\t\t<svg xmlns=\"http:\/\/www.w3.org\/2000\/svg\" id=\"Calque_1\" data-name=\"Calque 1\" viewBox=\"0 0 296.22 297.04\"><defs><style>      .cls-1 {        fill: #e94190;      }      .cls-2 {        fill: none;        stroke: #5a5959;        stroke-linejoin: round;        stroke-width: 5px;      }    <\/style><\/defs><path class=\"cls-1\" d=\"M199.14,181.71l9.39,14.45c.36.56.92.96,1.56,1.13l16.64,4.46-10.84,13.39c-.42.52-.63,1.17-.59,1.83l.9,17.21-16.09-6.17c-.62-.24-1.31-.24-1.92,0l-16.09,6.17.9-17.21c.03-.66-.18-1.31-.59-1.83l-10.84-13.39,16.64-4.46c.64-.17,1.2-.57,1.56-1.13l9.39-14.45Z\"><\/path><path class=\"cls-2\" d=\"M205.81,67.73h14.74c15.44,0,27.95,12.51,27.95,27.95v125.47c0,15.44-12.51,27.95-27.95,27.95H75.67c-15.44,0-27.95-12.51-27.95-27.95v-125.47c0-15.44,12.51-27.95,27.95-27.95h12.07\"><\/path><line class=\"cls-2\" x1=\"111.2\" y1=\"67.73\" x2=\"182.79\" y2=\"67.73\"><\/line><line class=\"cls-2\" x1=\"47.72\" y1=\"117.89\" x2=\"248.49\" y2=\"117.89\"><\/line><rect class=\"cls-2\" x=\"88.81\" y=\"47.94\" width=\"21.44\" height=\"39.59\" rx=\"3.5\" ry=\"3.5\"><\/rect><rect class=\"cls-2\" x=\"183.45\" y=\"47.94\" width=\"21.44\" height=\"39.59\" rx=\"3.5\" ry=\"3.5\"><\/rect><rect class=\"cls-2\" x=\"81.4\" y=\"142.74\" width=\"31.35\" height=\"31.35\" rx=\"4.48\" ry=\"4.48\"><\/rect><rect class=\"cls-2\" x=\"131.3\" y=\"142.74\" width=\"31.35\" height=\"31.35\" rx=\"4.48\" ry=\"4.48\"><\/rect><rect class=\"cls-2\" x=\"183.47\" y=\"142.74\" width=\"31.35\" height=\"31.35\" rx=\"4.48\" ry=\"4.48\"><\/rect><rect class=\"cls-2\" x=\"81.4\" y=\"189.07\" width=\"31.35\" height=\"31.35\" rx=\"4.48\" ry=\"4.48\"><\/rect><rect class=\"cls-2\" x=\"131.3\" y=\"189.07\" width=\"31.35\" height=\"31.35\" rx=\"4.48\" ry=\"4.48\"><\/rect><\/svg>\t\t\t\t<\/span>\n\t\t\t<\/div>\n\t\t\t\n\t\t\t\t\t\t<div class=\"elementor-icon-box-content\">\n\n\t\t\t\t\t\t\t\t\t<h3 class=\"elementor-icon-box-title\">\n\t\t\t\t\t\t<span  >\n\t\t\t\t\t\t\tAGENDA\t\t\t\t\t\t<\/span>\n\t\t\t\t\t<\/h3>\n\t\t\t\t\n\t\t\t\t\n\t\t\t<\/div>\n\t\t\t\n\t\t<\/div>\n\t\t\t\t\t\t<\/div>\n\t\t\t\t<\/div>\n\t\t\t\t<div class=\"elementor-element elementor-element-9cb94d5 elementor-widget__width-initial elementor-widget-divider--view-line elementor-widget elementor-widget-divider\" data-id=\"9cb94d5\" data-element_type=\"widget\" data-widget_type=\"divider.default\">\n\t\t\t\t<div class=\"elementor-widget-container\">\n\t\t\t\t\t\t\t<div class=\"elementor-divider\">\n\t\t\t<span class=\"elementor-divider-separator\">\n\t\t\t\t\t\t<\/span>\n\t\t<\/div>\n\t\t\t\t\t\t<\/div>\n\t\t\t\t<\/div>\n\t\t\t\t<div class=\"elementor-element elementor-element-7006278 elementor-widget elementor-widget-spacer\" data-id=\"7006278\" data-element_type=\"widget\" data-widget_type=\"spacer.default\">\n\t\t\t\t<div class=\"elementor-widget-container\">\n\t\t\t\t\t\t\t<div class=\"elementor-spacer\">\n\t\t\t<div class=\"elementor-spacer-inner\"><\/div>\n\t\t<\/div>\n\t\t\t\t\t\t<\/div>\n\t\t\t\t<\/div>\n\t\t\t\t<div class=\"elementor-element elementor-element-7cbb191 elementor-widget elementor-widget-text-editor\" data-id=\"7cbb191\" data-element_type=\"widget\" data-widget_type=\"text-editor.default\">\n\t\t\t\t<div class=\"elementor-widget-container\">\n\t\t\t\t\t\t\t\t\t<p><strong data-start=\"288\" data-end=\"322\">\ud83d\udcc6 Ne manquez aucun rendez-vous !<\/strong><br data-start=\"322\" data-end=\"325\" \/>Retrouvez ici tous les \u00e9v\u00e9nements accessibles, conviviaux et pens\u00e9s pour tous. Cin\u00e9 Relax, \u00e9v\u00e8nements, rencontres, ateliers\u2026<\/p>\t\t\t\t\t\t\t\t<\/div>\n\t\t\t\t<\/div>\n\t\t\t\t<div class=\"elementor-element elementor-element-db78da7 elementor-widget elementor-widget-text-editor\" data-id=\"db78da7\" data-element_type=\"widget\" data-widget_type=\"text-editor.default\">\n\t\t\t\t<div class=\"elementor-widget-container\">\n\t\t\t\t\t\t\t\t\t<p><!-- Elfsight Event Calendar | Untitled Event Calendar --><br \/><script src=\"https:\/\/static.elfsight.com\/platform\/platform.js\" async><\/script><\/p><div class=\"elfsight-app-a7fd3ded-d3f4-4989-ae61-a10270502bf4\" data-elfsight-app-lazy=\"\">\u00a0<\/div>\t\t\t\t\t\t\t\t<\/div>\n\t\t\t\t<\/div>\n\t\t\t\t<div class=\"elementor-element elementor-element-2f42b86 elementor-widget elementor-widget-spacer\" data-id=\"2f42b86\" data-element_type=\"widget\" data-widget_type=\"spacer.default\">\n\t\t\t\t<div class=\"elementor-widget-container\">\n\t\t\t\t\t\t\t<div class=\"elementor-spacer\">\n\t\t\t<div class=\"elementor-spacer-inner\"><\/div>\n\t\t<\/div>\n\t\t\t\t\t\t<\/div>\n\t\t\t\t<\/div>\n\t\t\t\t<\/div>\n\t\t\t\t<\/div>\n\t\t\t\t<\/div>\n\t\t","protected":false},"excerpt":{"rendered":"<p>AGENDA \ud83d\udcc6 Ne manquez aucun rendez-vous !Retrouvez ici tous les \u00e9v\u00e9nements accessibles, conviviaux et pens\u00e9s pour tous. Cin\u00e9 Relax, \u00e9v\u00e8nements, rencontres, ateliers\u2026 \u00a0<\/p>\n","protected":false},"author":1,"featured_media":0,"parent":0,"menu_order":0,"comment_status":"closed","ping_status":"closed","template":"elementor_header_footer","meta":{"footnotes":""},"class_list":["post-434","page","type-page","status-publish","hentry"],"yoast_head":"<!-- This site is optimized with the Yoast SEO plugin v25.4 - https:\/\/yoast.com\/wordpress\/plugins\/seo\/ -->\n<title>AGENDA - Association CERESA<\/title>\n<meta name=\"robots\" content=\"index, follow, max-snippet:-1, max-image-preview:large, max-video-preview:-1\" \/>\n<link rel=\"canonical\" href=\"https:\/\/www.mamzelleconfetti.com\/ceresa\/agenda\/\" \/>\n<meta property=\"og:locale\" content=\"fr_FR\" \/>\n<meta property=\"og:type\" content=\"article\" \/>\n<meta property=\"og:title\" content=\"AGENDA - Association CERESA\" \/>\n<meta property=\"og:description\" content=\"AGENDA \ud83d\udcc6 Ne manquez aucun rendez-vous !Retrouvez ici tous les \u00e9v\u00e9nements accessibles, conviviaux et pens\u00e9s pour tous. Cin\u00e9 Relax, \u00e9v\u00e8nements, rencontres, ateliers\u2026 \u00a0\" \/>\n<meta property=\"og:url\" content=\"https:\/\/www.mamzelleconfetti.com\/ceresa\/agenda\/\" \/>\n<meta property=\"og:site_name\" content=\"Association CERESA\" \/>\n<meta property=\"article:modified_time\" content=\"2025-09-16T21:14:00+00:00\" \/>\n<meta property=\"og:image\" content=\"https:\/\/www.mamzelleconfetti.com\/ceresa\/wp-content\/uploads\/2025\/05\/Logo-Association-Ceresa.png\" \/>\n\t<meta property=\"og:image:width\" content=\"696\" \/>\n\t<meta property=\"og:image:height\" content=\"501\" \/>\n\t<meta property=\"og:image:type\" content=\"image\/png\" \/>\n<meta name=\"twitter:card\" content=\"summary_large_image\" \/>\n<meta name=\"twitter:label1\" content=\"Dur\u00e9e de lecture estim\u00e9e\" \/>\n\t<meta name=\"twitter:data1\" content=\"2 minutes\" \/>\n<script type=\"application\/ld+json\" class=\"yoast-schema-graph\">{\"@context\":\"https:\/\/schema.org\",\"@graph\":[{\"@type\":\"WebPage\",\"@id\":\"https:\/\/www.mamzelleconfetti.com\/ceresa\/agenda\/\",\"url\":\"https:\/\/www.mamzelleconfetti.com\/ceresa\/agenda\/\",\"name\":\"AGENDA - Association CERESA\",\"isPartOf\":{\"@id\":\"https:\/\/www.mamzelleconfetti.com\/ceresa\/#website\"},\"datePublished\":\"2025-05-26T13:53:26+00:00\",\"dateModified\":\"2025-09-16T21:14:00+00:00\",\"breadcrumb\":{\"@id\":\"https:\/\/www.mamzelleconfetti.com\/ceresa\/agenda\/#breadcrumb\"},\"inLanguage\":\"fr-FR\",\"potentialAction\":[{\"@type\":\"ReadAction\",\"target\":[\"https:\/\/www.mamzelleconfetti.com\/ceresa\/agenda\/\"]}]},{\"@type\":\"BreadcrumbList\",\"@id\":\"https:\/\/www.mamzelleconfetti.com\/ceresa\/agenda\/#breadcrumb\",\"itemListElement\":[{\"@type\":\"ListItem\",\"position\":1,\"name\":\"Accueil\",\"item\":\"https:\/\/www.mamzelleconfetti.com\/ceresa\/\"},{\"@type\":\"ListItem\",\"position\":2,\"name\":\"AGENDA\"}]},{\"@type\":\"WebSite\",\"@id\":\"https:\/\/www.mamzelleconfetti.com\/ceresa\/#website\",\"url\":\"https:\/\/www.mamzelleconfetti.com\/ceresa\/\",\"name\":\"Association CERESA\",\"description\":\"\",\"alternateName\":\"CERESA\",\"potentialAction\":[{\"@type\":\"SearchAction\",\"target\":{\"@type\":\"EntryPoint\",\"urlTemplate\":\"https:\/\/www.mamzelleconfetti.com\/ceresa\/?s={search_term_string}\"},\"query-input\":{\"@type\":\"PropertyValueSpecification\",\"valueRequired\":true,\"valueName\":\"search_term_string\"}}],\"inLanguage\":\"fr-FR\"}]}<\/script>\n<!-- \/ Yoast SEO plugin. -->","yoast_head_json":{"title":"AGENDA - Association CERESA","robots":{"index":"index","follow":"follow","max-snippet":"max-snippet:-1","max-image-preview":"max-image-preview:large","max-video-preview":"max-video-preview:-1"},"canonical":"https:\/\/www.mamzelleconfetti.com\/ceresa\/agenda\/","og_locale":"fr_FR","og_type":"article","og_title":"AGENDA - Association CERESA","og_description":"AGENDA \ud83d\udcc6 Ne manquez aucun rendez-vous !Retrouvez ici tous les \u00e9v\u00e9nements accessibles, conviviaux et pens\u00e9s pour tous. Cin\u00e9 Relax, \u00e9v\u00e8nements, rencontres, ateliers\u2026 \u00a0","og_url":"https:\/\/www.mamzelleconfetti.com\/ceresa\/agenda\/","og_site_name":"Association CERESA","article_modified_time":"2025-09-16T21:14:00+00:00","og_image":[{"width":696,"height":501,"url":"https:\/\/www.mamzelleconfetti.com\/ceresa\/wp-content\/uploads\/2025\/05\/Logo-Association-Ceresa.png","type":"image\/png"}],"twitter_card":"summary_large_image","twitter_misc":{"Dur\u00e9e de lecture estim\u00e9e":"2 minutes"},"schema":{"@context":"https:\/\/schema.org","@graph":[{"@type":"WebPage","@id":"https:\/\/www.mamzelleconfetti.com\/ceresa\/agenda\/","url":"https:\/\/www.mamzelleconfetti.com\/ceresa\/agenda\/","name":"AGENDA - Association CERESA","isPartOf":{"@id":"https:\/\/www.mamzelleconfetti.com\/ceresa\/#website"},"datePublished":"2025-05-26T13:53:26+00:00","dateModified":"2025-09-16T21:14:00+00:00","breadcrumb":{"@id":"https:\/\/www.mamzelleconfetti.com\/ceresa\/agenda\/#breadcrumb"},"inLanguage":"fr-FR","potentialAction":[{"@type":"ReadAction","target":["https:\/\/www.mamzelleconfetti.com\/ceresa\/agenda\/"]}]},{"@type":"BreadcrumbList","@id":"https:\/\/www.mamzelleconfetti.com\/ceresa\/agenda\/#breadcrumb","itemListElement":[{"@type":"ListItem","position":1,"name":"Accueil","item":"https:\/\/www.mamzelleconfetti.com\/ceresa\/"},{"@type":"ListItem","position":2,"name":"AGENDA"}]},{"@type":"WebSite","@id":"https:\/\/www.mamzelleconfetti.com\/ceresa\/#website","url":"https:\/\/www.mamzelleconfetti.com\/ceresa\/","name":"Association CERESA","description":"","alternateName":"CERESA","potentialAction":[{"@type":"SearchAction","target":{"@type":"EntryPoint","urlTemplate":"https:\/\/www.mamzelleconfetti.com\/ceresa\/?s={search_term_string}"},"query-input":{"@type":"PropertyValueSpecification","valueRequired":true,"valueName":"search_term_string"}}],"inLanguage":"fr-FR"}]}},"_links":{"self":[{"href":"https:\/\/www.mamzelleconfetti.com\/ceresa\/wp-json\/wp\/v2\/pages\/434","targetHints":{"allow":["GET"]}}],"collection":[{"href":"https:\/\/www.mamzelleconfetti.com\/ceresa\/wp-json\/wp\/v2\/pages"}],"about":[{"href":"https:\/\/www.mamzelleconfetti.com\/ceresa\/wp-json\/wp\/v2\/types\/page"}],"author":[{"embeddable":true,"href":"https:\/\/www.mamzelleconfetti.com\/ceresa\/wp-json\/wp\/v2\/users\/1"}],"replies":[{"embeddable":true,"href":"https:\/\/www.mamzelleconfetti.com\/ceresa\/wp-json\/wp\/v2\/comments?post=434"}],"version-history":[{"count":34,"href":"https:\/\/www.mamzelleconfetti.com\/ceresa\/wp-json\/wp\/v2\/pages\/434\/revisions"}],"predecessor-version":[{"id":5525,"href":"https:\/\/www.mamzelleconfetti.com\/ceresa\/wp-json\/wp\/v2\/pages\/434\/revisions\/5525"}],"wp:attachment":[{"href":"https:\/\/www.mamzelleconfetti.com\/ceresa\/wp-json\/wp\/v2\/media?parent=434"}],"curies":[{"name":"wp","href":"https:\/\/api.w.org\/{rel}","templated":true}]}}