{"id":464,"date":"2026-03-17T13:58:03","date_gmt":"2026-03-17T13:58:03","guid":{"rendered":"https:\/\/www.mamzelleconfetti.com\/moko\/?post_type=product&#038;p=464"},"modified":"2026-04-11T19:03:32","modified_gmt":"2026-04-11T19:03:32","slug":"balle-resistante-pour-chien-ultrabounce","status":"publish","type":"product","link":"https:\/\/www.mamzelleconfetti.com\/moko\/product\/balle-resistante-pour-chien-ultrabounce\/","title":{"rendered":"Balle r\u00e9sistante pour chien &#8211; UltraBounce"},"content":{"rendered":"<p>La<strong> balle ultrabounce<\/strong> est sp\u00e9cialement con\u00e7ue pour stimuler l\u2019instinct de jeu de votre chien. Gr\u00e2ce \u00e0 son <strong>caoutchouc renforc\u00e9<\/strong>, elle r\u00e9siste aux morsures tout en offrant un rebond dynamique qui encourage l\u2019activit\u00e9 physique.<\/p>\n<p>Sa texture antid\u00e9rapante permet \u00e0 votre chien de la saisir facilement et de jouer aussi bien en int\u00e9rieur qu\u2019en ext\u00e9rieur.<\/p>\n<p>Id\u00e9ale pour les moments de jeu au parc, dans le jardin ou \u00e0 la maison, elle contribue au <strong>bien-\u00eatre<\/strong> et \u00e0 l\u2019\u00e9panouissement de votre animal.<\/p>\n<p>Fallouk Shayma CDC A<\/p>\n","protected":false},"excerpt":{"rendered":"<p>La balle UltraBounce est un <strong>jouet r\u00e9sistant<\/strong> con\u00e7u pour divertir votre chien pendant des heures. Gr\u00e2ce \u00e0 son caoutchouc robuste et sa texture dentel\u00e9e, elle stimule le jeu tout en aidant \u00e0 <strong>l\u2019entretien des dents.<\/strong><\/p>\n<p>&nbsp;<\/p>\n<p>&nbsp;<\/p>\n","protected":false},"featured_media":540,"comment_status":"open","ping_status":"closed","template":"","meta":[],"product_brand":[32],"product_cat":[26],"product_tag":[46,47,45],"class_list":{"0":"post-464","1":"product","2":"type-product","3":"status-publish","4":"has-post-thumbnail","6":"product_brand-moko","7":"product_cat-jouet","8":"product_tag-balle","9":"product_tag-bien-etre","10":"product_tag-caoutchouc","12":"first","13":"instock","14":"shipping-taxable","15":"purchasable","16":"product-type-variable"},"yoast_head":"<!-- This site is optimized with the Yoast SEO plugin v27.2 - https:\/\/yoast.com\/product\/yoast-seo-wordpress\/ -->\n<title>Balle r\u00e9sistante pour chien - UltraBounce - MOKO<\/title>\n<meta name=\"description\" content=\"D\u00e9couvrez notre balle pour chien r\u00e9sistante, id\u00e9ale pour des heures de jeu. Robuste et rebondissante, elle divertira votre compagnon.\" \/>\n<meta name=\"robots\" content=\"index, follow, max-snippet:-1, max-image-preview:large, max-video-preview:-1\" \/>\n<link rel=\"canonical\" href=\"https:\/\/www.mamzelleconfetti.com\/moko\/product\/balle-resistante-pour-chien-ultrabounce\/\" \/>\n<meta property=\"og:locale\" content=\"fr_FR\" \/>\n<meta property=\"og:type\" content=\"article\" \/>\n<meta property=\"og:title\" content=\"Balle r\u00e9sistante pour chien - UltraBounce - MOKO\" \/>\n<meta property=\"og:description\" content=\"D\u00e9couvrez notre balle pour chien r\u00e9sistante, id\u00e9ale pour des heures de jeu. Robuste et rebondissante, elle divertira votre compagnon.\" \/>\n<meta property=\"og:url\" content=\"https:\/\/www.mamzelleconfetti.com\/moko\/product\/balle-resistante-pour-chien-ultrabounce\/\" \/>\n<meta property=\"og:site_name\" content=\"MOKO\" \/>\n<meta property=\"article:modified_time\" content=\"2026-04-11T19:03:32+00:00\" \/>\n<meta property=\"og:image\" content=\"https:\/\/www.mamzelleconfetti.com\/moko\/wp-content\/uploads\/2026\/03\/Creation-fiche-produit-scaled-e1775934196904-819x1024.png\" \/>\n\t<meta property=\"og:image:width\" content=\"819\" \/>\n\t<meta property=\"og:image:height\" content=\"1024\" \/>\n\t<meta property=\"og:image:type\" content=\"image\/png\" \/>\n<meta name=\"twitter:card\" content=\"summary_large_image\" \/>\n<meta name=\"twitter:label1\" content=\"Dur\u00e9e de lecture estim\u00e9e\" \/>\n\t<meta name=\"twitter:data1\" content=\"1 minute\" \/>\n<script type=\"application\/ld+json\" class=\"yoast-schema-graph\">{\"@context\":\"https:\/\/schema.org\",\"@graph\":[{\"@type\":\"WebPage\",\"@id\":\"https:\/\/www.mamzelleconfetti.com\/moko\/product\/balle-resistante-pour-chien-ultrabounce\/\",\"url\":\"https:\/\/www.mamzelleconfetti.com\/moko\/product\/balle-resistante-pour-chien-ultrabounce\/\",\"name\":\"Balle r\u00e9sistante pour chien - UltraBounce - MOKO\",\"isPartOf\":{\"@id\":\"https:\/\/www.mamzelleconfetti.com\/moko\/#website\"},\"primaryImageOfPage\":{\"@id\":\"https:\/\/www.mamzelleconfetti.com\/moko\/product\/balle-resistante-pour-chien-ultrabounce\/#primaryimage\"},\"image\":{\"@id\":\"https:\/\/www.mamzelleconfetti.com\/moko\/product\/balle-resistante-pour-chien-ultrabounce\/#primaryimage\"},\"thumbnailUrl\":\"https:\/\/www.mamzelleconfetti.com\/moko\/wp-content\/uploads\/2026\/03\/Creation-fiche-produit-scaled-e1775934196904.png\",\"datePublished\":\"2026-03-17T13:58:03+00:00\",\"dateModified\":\"2026-04-11T19:03:32+00:00\",\"description\":\"D\u00e9couvrez notre balle pour chien r\u00e9sistante, id\u00e9ale pour des heures de jeu. Robuste et rebondissante, elle divertira votre compagnon.\",\"breadcrumb\":{\"@id\":\"https:\/\/www.mamzelleconfetti.com\/moko\/product\/balle-resistante-pour-chien-ultrabounce\/#breadcrumb\"},\"inLanguage\":\"fr-FR\",\"potentialAction\":[{\"@type\":\"ReadAction\",\"target\":[\"https:\/\/www.mamzelleconfetti.com\/moko\/product\/balle-resistante-pour-chien-ultrabounce\/\"]}]},{\"@type\":\"ImageObject\",\"inLanguage\":\"fr-FR\",\"@id\":\"https:\/\/www.mamzelleconfetti.com\/moko\/product\/balle-resistante-pour-chien-ultrabounce\/#primaryimage\",\"url\":\"https:\/\/www.mamzelleconfetti.com\/moko\/wp-content\/uploads\/2026\/03\/Creation-fiche-produit-scaled-e1775934196904.png\",\"contentUrl\":\"https:\/\/www.mamzelleconfetti.com\/moko\/wp-content\/uploads\/2026\/03\/Creation-fiche-produit-scaled-e1775934196904.png\",\"width\":1160,\"height\":1450,\"caption\":\"Chien qui joue avec balle orange\"},{\"@type\":\"BreadcrumbList\",\"@id\":\"https:\/\/www.mamzelleconfetti.com\/moko\/product\/balle-resistante-pour-chien-ultrabounce\/#breadcrumb\",\"itemListElement\":[{\"@type\":\"ListItem\",\"position\":1,\"name\":\"Accueil\",\"item\":\"https:\/\/www.mamzelleconfetti.com\/moko\/\"},{\"@type\":\"ListItem\",\"position\":2,\"name\":\"Shop\",\"item\":\"https:\/\/www.mamzelleconfetti.com\/moko\/shop-2\/\"},{\"@type\":\"ListItem\",\"position\":3,\"name\":\"Balle r\u00e9sistante pour chien &#8211; UltraBounce\"}]},{\"@type\":\"WebSite\",\"@id\":\"https:\/\/www.mamzelleconfetti.com\/moko\/#website\",\"url\":\"https:\/\/www.mamzelleconfetti.com\/moko\/\",\"name\":\"MOKO\",\"description\":\"\",\"publisher\":{\"@id\":\"https:\/\/www.mamzelleconfetti.com\/moko\/#organization\"},\"potentialAction\":[{\"@type\":\"SearchAction\",\"target\":{\"@type\":\"EntryPoint\",\"urlTemplate\":\"https:\/\/www.mamzelleconfetti.com\/moko\/?s={search_term_string}\"},\"query-input\":{\"@type\":\"PropertyValueSpecification\",\"valueRequired\":true,\"valueName\":\"search_term_string\"}}],\"inLanguage\":\"fr-FR\"},{\"@type\":\"Organization\",\"@id\":\"https:\/\/www.mamzelleconfetti.com\/moko\/#organization\",\"name\":\"MOKO\",\"url\":\"https:\/\/www.mamzelleconfetti.com\/moko\/\",\"logo\":{\"@type\":\"ImageObject\",\"inLanguage\":\"fr-FR\",\"@id\":\"https:\/\/www.mamzelleconfetti.com\/moko\/#\/schema\/logo\/image\/\",\"url\":\"https:\/\/www.mamzelleconfetti.com\/moko\/wp-content\/uploads\/2026\/01\/moko.png\",\"contentUrl\":\"https:\/\/www.mamzelleconfetti.com\/moko\/wp-content\/uploads\/2026\/01\/moko.png\",\"width\":715,\"height\":802,\"caption\":\"MOKO\"},\"image\":{\"@id\":\"https:\/\/www.mamzelleconfetti.com\/moko\/#\/schema\/logo\/image\/\"}}]}<\/script>\n<!-- \/ Yoast SEO plugin. -->","yoast_head_json":{"title":"Balle r\u00e9sistante pour chien - UltraBounce - MOKO","description":"D\u00e9couvrez notre balle pour chien r\u00e9sistante, id\u00e9ale pour des heures de jeu. Robuste et rebondissante, elle divertira votre compagnon.","robots":{"index":"index","follow":"follow","max-snippet":"max-snippet:-1","max-image-preview":"max-image-preview:large","max-video-preview":"max-video-preview:-1"},"canonical":"https:\/\/www.mamzelleconfetti.com\/moko\/product\/balle-resistante-pour-chien-ultrabounce\/","og_locale":"fr_FR","og_type":"article","og_title":"Balle r\u00e9sistante pour chien - UltraBounce - MOKO","og_description":"D\u00e9couvrez notre balle pour chien r\u00e9sistante, id\u00e9ale pour des heures de jeu. Robuste et rebondissante, elle divertira votre compagnon.","og_url":"https:\/\/www.mamzelleconfetti.com\/moko\/product\/balle-resistante-pour-chien-ultrabounce\/","og_site_name":"MOKO","article_modified_time":"2026-04-11T19:03:32+00:00","og_image":[{"width":819,"height":1024,"url":"https:\/\/www.mamzelleconfetti.com\/moko\/wp-content\/uploads\/2026\/03\/Creation-fiche-produit-scaled-e1775934196904-819x1024.png","type":"image\/png"}],"twitter_card":"summary_large_image","twitter_misc":{"Dur\u00e9e de lecture estim\u00e9e":"1 minute"},"schema":{"@context":"https:\/\/schema.org","@graph":[{"@type":"WebPage","@id":"https:\/\/www.mamzelleconfetti.com\/moko\/product\/balle-resistante-pour-chien-ultrabounce\/","url":"https:\/\/www.mamzelleconfetti.com\/moko\/product\/balle-resistante-pour-chien-ultrabounce\/","name":"Balle r\u00e9sistante pour chien - UltraBounce - MOKO","isPartOf":{"@id":"https:\/\/www.mamzelleconfetti.com\/moko\/#website"},"primaryImageOfPage":{"@id":"https:\/\/www.mamzelleconfetti.com\/moko\/product\/balle-resistante-pour-chien-ultrabounce\/#primaryimage"},"image":{"@id":"https:\/\/www.mamzelleconfetti.com\/moko\/product\/balle-resistante-pour-chien-ultrabounce\/#primaryimage"},"thumbnailUrl":"https:\/\/www.mamzelleconfetti.com\/moko\/wp-content\/uploads\/2026\/03\/Creation-fiche-produit-scaled-e1775934196904.png","datePublished":"2026-03-17T13:58:03+00:00","dateModified":"2026-04-11T19:03:32+00:00","description":"D\u00e9couvrez notre balle pour chien r\u00e9sistante, id\u00e9ale pour des heures de jeu. Robuste et rebondissante, elle divertira votre compagnon.","breadcrumb":{"@id":"https:\/\/www.mamzelleconfetti.com\/moko\/product\/balle-resistante-pour-chien-ultrabounce\/#breadcrumb"},"inLanguage":"fr-FR","potentialAction":[{"@type":"ReadAction","target":["https:\/\/www.mamzelleconfetti.com\/moko\/product\/balle-resistante-pour-chien-ultrabounce\/"]}]},{"@type":"ImageObject","inLanguage":"fr-FR","@id":"https:\/\/www.mamzelleconfetti.com\/moko\/product\/balle-resistante-pour-chien-ultrabounce\/#primaryimage","url":"https:\/\/www.mamzelleconfetti.com\/moko\/wp-content\/uploads\/2026\/03\/Creation-fiche-produit-scaled-e1775934196904.png","contentUrl":"https:\/\/www.mamzelleconfetti.com\/moko\/wp-content\/uploads\/2026\/03\/Creation-fiche-produit-scaled-e1775934196904.png","width":1160,"height":1450,"caption":"Chien qui joue avec balle orange"},{"@type":"BreadcrumbList","@id":"https:\/\/www.mamzelleconfetti.com\/moko\/product\/balle-resistante-pour-chien-ultrabounce\/#breadcrumb","itemListElement":[{"@type":"ListItem","position":1,"name":"Accueil","item":"https:\/\/www.mamzelleconfetti.com\/moko\/"},{"@type":"ListItem","position":2,"name":"Shop","item":"https:\/\/www.mamzelleconfetti.com\/moko\/shop-2\/"},{"@type":"ListItem","position":3,"name":"Balle r\u00e9sistante pour chien &#8211; UltraBounce"}]},{"@type":"WebSite","@id":"https:\/\/www.mamzelleconfetti.com\/moko\/#website","url":"https:\/\/www.mamzelleconfetti.com\/moko\/","name":"MOKO","description":"","publisher":{"@id":"https:\/\/www.mamzelleconfetti.com\/moko\/#organization"},"potentialAction":[{"@type":"SearchAction","target":{"@type":"EntryPoint","urlTemplate":"https:\/\/www.mamzelleconfetti.com\/moko\/?s={search_term_string}"},"query-input":{"@type":"PropertyValueSpecification","valueRequired":true,"valueName":"search_term_string"}}],"inLanguage":"fr-FR"},{"@type":"Organization","@id":"https:\/\/www.mamzelleconfetti.com\/moko\/#organization","name":"MOKO","url":"https:\/\/www.mamzelleconfetti.com\/moko\/","logo":{"@type":"ImageObject","inLanguage":"fr-FR","@id":"https:\/\/www.mamzelleconfetti.com\/moko\/#\/schema\/logo\/image\/","url":"https:\/\/www.mamzelleconfetti.com\/moko\/wp-content\/uploads\/2026\/01\/moko.png","contentUrl":"https:\/\/www.mamzelleconfetti.com\/moko\/wp-content\/uploads\/2026\/01\/moko.png","width":715,"height":802,"caption":"MOKO"},"image":{"@id":"https:\/\/www.mamzelleconfetti.com\/moko\/#\/schema\/logo\/image\/"}}]}},"_links":{"self":[{"href":"https:\/\/www.mamzelleconfetti.com\/moko\/wp-json\/wp\/v2\/product\/464","targetHints":{"allow":["GET"]}}],"collection":[{"href":"https:\/\/www.mamzelleconfetti.com\/moko\/wp-json\/wp\/v2\/product"}],"about":[{"href":"https:\/\/www.mamzelleconfetti.com\/moko\/wp-json\/wp\/v2\/types\/product"}],"replies":[{"embeddable":true,"href":"https:\/\/www.mamzelleconfetti.com\/moko\/wp-json\/wp\/v2\/comments?post=464"}],"version-history":[{"count":5,"href":"https:\/\/www.mamzelleconfetti.com\/moko\/wp-json\/wp\/v2\/product\/464\/revisions"}],"predecessor-version":[{"id":698,"href":"https:\/\/www.mamzelleconfetti.com\/moko\/wp-json\/wp\/v2\/product\/464\/revisions\/698"}],"wp:featuredmedia":[{"embeddable":true,"href":"https:\/\/www.mamzelleconfetti.com\/moko\/wp-json\/wp\/v2\/media\/540"}],"wp:attachment":[{"href":"https:\/\/www.mamzelleconfetti.com\/moko\/wp-json\/wp\/v2\/media?parent=464"}],"wp:term":[{"taxonomy":"product_brand","embeddable":true,"href":"https:\/\/www.mamzelleconfetti.com\/moko\/wp-json\/wp\/v2\/product_brand?post=464"},{"taxonomy":"product_cat","embeddable":true,"href":"https:\/\/www.mamzelleconfetti.com\/moko\/wp-json\/wp\/v2\/product_cat?post=464"},{"taxonomy":"product_tag","embeddable":true,"href":"https:\/\/www.mamzelleconfetti.com\/moko\/wp-json\/wp\/v2\/product_tag?post=464"}],"curies":[{"name":"wp","href":"https:\/\/api.w.org\/{rel}","templated":true}]}}